(4/(-34)). Let g = u - -10. Let w = 28 + g. What is the units digit of w?
1
Let b = 455 + -210. Let u be b/25 - 1/(-5). Suppose -2*p = -j - 33 - u, 77 = 4*p - 5*j. What is the tens digit of p?
2
Suppose -29*n + 2680 = -24*n. What is the tens digit of n?
3
Let d = 18 + -91. Let i = -50 - d. Suppose 4*m - 24 = 2*y, -3*m + 3*y + i = -y. What is the units digit of m?
5
Let j(q) = q**2 - 6*q - 2. Let y be j(11). Let p = y - 19. What is the units digit of p?
4
Suppose 18*o - 67*o = -34986. What is the hundreds digit of o?
7
Suppose -5*d + 19*d = 9226. What is the units digit of d?
9
Suppose 35*w = 19248 + 20687. What is the tens digit of w?
4
Suppose 0*a - 2*a = -40. Let p = a + -10. What is the units digit of p?
0
Let k be 4/14 + (-4470)/(-35). Let m = k + -85. What is the tens digit of m?
4
Suppose 1582 = f - 2*v, 5*v + 550 + 1032 = f. What is the hundreds digit of f?
5
Let d(u) = -9*u - 5 + 4 + 0. Suppose 0 = 34*b - 29*b + 25. What is the tens digit of d(b)?
4
Let f(a) = -a**3 - 7*a**2 + 7*a - 3. Let g be f(-8). Suppose 5*n = -5*b + 265, 0*b = g*b - n - 235. Let d = b - 36. What is the tens digit of d?
1
Let o(g) = g**2 - 7*g + 7. Let y be o(6). What is the units digit of 3 + y*-3*118/(-3)?
1
Let o = 11 - 113. Let n = o + 150. What is the tens digit of n?
4
Let j = 67 - 7. Let g = j - 33. Let p = -15 + g. What is the tens digit of p?
1
Let f = 28 - 24. Let r be 37 - (-2 + -2 + f). Suppose -6*w + r = -77. What is the units digit of w?
9
What is the units digit of (292890/(-70))/(-13) - (-1)/7?
2
Suppose x = -6 + 7. Let a be ((-21)/(-1))/(x/(-1)). Let c = a - -53. What is the tens digit of c?
3
Let u = 2 + 463. What is the hundreds digit of u?
4
Let j(o) = -3*o + 20. Let v be j(-10). Suppose 2*r = -3*r + 355. Let g = r - v. What is the tens digit of g?
2
Suppose -9*n - 20174 = -65489. What is the tens digit of n?
3
Let p(t) = -t**2 - 5*t - 5. Let u be p(-2). Let z = 20 + u. What is the tens digit of z?
2
Suppose 5*p - 3896 = 2*k, 3*k = 4*p - 1476 - 1638. Suppose -3*j - p = -16*j. What is the units digit of j?
0
Let q(o) = 2*o + 24. Let w be q(-12). Suppose -x + w*x + 44 = 0. What is the units digit of x?
4
Let a(x) = x + 3. Let j = -9 - -11. Let c be j*(-2 + 0)*-2. What is the units digit of a(c)?
1
Suppose 4*s = l + 4774, 3*s - 3586 = -11*l + 9*l. What is the hundreds digit of s?
1
Let w(p) be the third derivative of -p**6/120 - 7*p**5/30 + p**4/2 - 5*p**3/2 + 27*p**2. What is the tens digit of w(-15)?
3
Let f(p) = -121*p + 15. What is the units digit of f(-3)?
8
Let p(k) be the second derivative of -k**5/20 - k**4/4 - k**3/2 + 4*k**2 - 5*k. What is the tens digit of p(-5)?
7
Suppose -3*z - 8 = -5*z. Suppose 0 = -z*s + s + 9. Suppose -152 = -5*f - s*d + 4*d, d = f - 32. What is the tens digit of f?
3
Let l be 10/(-25) + (-78)/5 + 1. What is the tens digit of (-1265)/l - (-1)/((-3)/(-2))?
8
Suppose -3*t - 2*t + 1490 = c, 3*c = -4*t + 4415. What is the tens digit of c?
6
Let m(n) = 2*n - 8. Let u be m(6). Suppose -10 - 62 = -5*h + 4*k, -2*k = -u*h + 54. What is the tens digit of h?
1
Suppose -2*c - 2779 = -2*n - c, 5*n = -c + 6951. What is the units digit of n?
0
Let a(b) = 33*b**2 + 24*b**2 + 20*b**2. What is the units digit of a(1)?
7
Let o(q) = 3*q - 9. Let y be o(6). Let w(n) = -2 - 2 - 7*n + n**2 + 4 - 6. What is the tens digit of w(y)?
1
Suppose -2 - 29 = m + 4*q, 4*m + 2*q + 68 = 0. What is the tens digit of (-3)/m + (-1362)/(-15)?
9
Let f = -48 - -54. What is the units digit of ((-36)/(-12))/(f/164)?
2
Let t(c) = c**3 - 3*c**2 - 3*c + 6. Let g be t(4). Let y = -41 + g. Let s = y - -60. What is the units digit of s?
9
Suppose 4*x + 45 = -p + 2*p, -5*x + 2*p - 60 = 0. Let w = 3 - x. Suppose 4*d - 11 - w = 0. What is the units digit of d?
6
Let r be (-2)/(((-7)/(-26))/7). Suppose 340 = 3*l + 106. Let j = r + l. What is the units digit of j?
6
Suppose 5*w - 266 = r + 635, -4*w = -5*r - 704. What is the units digit of w?
1
Suppose 2664 + 2796 = 6*v. What is the units digit of v?
0
Let l(x) = 130*x**2. Let p be l(-1). Suppose 3*u = -3*w - u + p, 3*w + 5*u - 125 = 0. What is the tens digit of w?
5
Let o = 16 - 14. Suppose -4*n + 35 = 3*k, -4*n = -o*n + 5*k - 7. What is the tens digit of n?
1
Let b(m) = -14 - 4*m + 1 - 10*m + 3. What is the units digit of b(-3)?
2
Let b(s) = -3*s - 7. Let o be -4 + (-9)/(4 - 3). What is the tens digit of b(o)?
3
Let g(h) = -h**3 + 6*h**2 + 4*h + 24. Let j be g(7). Suppose -c - 1065 = -4*m, -j*m + 6*m = -5*c + 793. What is the units digit of m?
6
What is the units digit of (-17496)/(-8) - (2 - -4)?
1
Let y(x) = x**2 - 6*x - 10. Let t be y(8). Suppose -t*m = -144 - 282. What is the tens digit of m?
7
Let g(k) = -2*k + 4 - 17*k + 5*k - 20*k. What is the units digit of g(-3)?
6
Let g = -10 + 55. Suppose -2*s - 4*x = -2*x - 42, 2*s + 3*x = g. What is the tens digit of s?
1
Suppose 3*u + 0*u = 0. Suppose -20 = -5*w - u. Suppose w*r - 83 - 17 = -4*a, -4*a = -5*r - 127. What is the units digit of a?
8
What is the units digit of ((-1783)/4)/((-27)/12 - -2)?
3
Let t = -3215 + 4960. What is the hundreds digit of t?
7
Suppose 0 = 2*h - 5*r - 7, 3*h + 4*r = -h. Let q(i) = 201*i**3 + i - 1. What is the tens digit of q(h)?
0
Let b = -157 + 768. What is the hundreds digit of b?
6
Suppose 0 = -3*s + 4 - 1. Suppose -3*d + 2 + s = 0. Suppose -9 + d = -2*b. What is the units digit of b?
4
What is the units digit of (2 + -984)*(90/(-12) - -5)?
5
Suppose 0 = 2*p - 4*p + 12. Let b(j) = -j**3 + 9*j**2 - 9*j + 2. Let i be b(p). Suppose 0 = -3*h - 3*f + 78, h - 3*h - 3*f + i = 0. What is the tens digit of h?
2
Suppose 173462 = 63*h + 23*h. What is the thousands digit of h?
2
Suppose -2*u - 2*u + 20 = 4*l, -5*u + 9 = 3*l. Suppose 4 - l = -2*y. Suppose 4*a - d = 32, -3*d = 3*a + y*d - 24. What is the units digit of a?
8
Let q be (-152)/(-32) + -5 - (-1570)/8. What is the units digit of -786*5/(-14) + 56/q?
1
Let v be (-15)/(-35) - 12/28. Suppose 3*s - 6 = -v. Suppose 0 = -4*p + 4*j + 98 + 86, 2*p + s*j = 84. What is the units digit of p?
4
Let x = 5 - 0. Let n(u) = 1 + x*u - u + 1 - 11. What is the tens digit of n(9)?
2
Let m(f) = -4*f + 60. Let h = -26 - -26. What is the tens digit of m(h)?
6
Let c(z) = z**3 - 27*z**2 + 64*z - 75. What is the hundreds digit of c(25)?
2
Let w(x) = x**3 - 7*x**2 + 2*x + 14. Let k be ((-16)/10)/(4/(-10)) + 5. What is the tens digit of w(k)?
9
Let n(y) = 13*y - 6. Let d be n(4). Suppose -d = 7*w - 5*w. Let g = -5 - w. What is the units digit of g?
8
Suppose 3*r = x + 8, 0 = -r + 1. Let c(d) be the second derivative of d**5/20 + 5*d**4/12 - 2*d**3/3 + 7*d**2/2 + 8*d. What is the units digit of c(x)?
7
What is the thousands digit of (-14568)/(-9) + (-8)/12?
1
Let n = -705 - -1059. Suppose -3*v + 357 = -w, 3*v - 2*w = -0*w + n. What is the tens digit of v?
2
Suppose 4*d - 1786 - 3812 = f, -5*f - 1390 = -d. What is the hundreds digit of d?
4
Suppose 0 = 3*m - 256 - 470. Let z = -136 + m. What is the tens digit of z?
0
Let r(a) be the second derivative of 0 - 2*a**2 - 1/6*a**3 - 3*a. What is the units digit of r(-9)?
5
Suppose 0 = -4*s - 12, 2*j + 55 = -s - 0*s. Let p be 160/26 - (-4)/j. Suppose -67 = -p*b + 83. What is the tens digit of b?
2
Suppose 2*c = 3 + 5. Let z(h) = 6*h**2 - 6*h + 10. What is the units digit of z(c)?
2
What is the units digit of -7 - (-20)/4 - (-1120 + 0)?
8
What is the hundreds digit of 1/(-3)*-87*16 - 4?
4
Suppose 9*j - 4*j = 0. Let y be -1 + j + 6 - 2. Suppose y*k = -k + 32. What is the units digit of k?
8
Let s(m) = -362*m**2 - 2*m + 4. Let d be s(-3). What is the tens digit of (d/64)/(2/(-8))?
0
Let s(f) = -f + 587. What is the units digit of s(-61)?
8
What is the hundreds digit of (-2)/(-6 + 13113/2187)?
4
Let c = 646 - 224. What is the units digit of c?
2
Let r be -3 - (-2 - 3 - -4). Let j(f) be the second derivative of -f**5/20 - f**4/12 + f**3/3 + f**2 + f. What is the units digit of j(r)?
2
Suppose 4*t + 8 = 0, 7*t - 1430 = -4*r + 2*t. Suppose 4*c + r = o + o, 5*o + 3*c = 900. What is the tens digit of o?
8
Suppose -3 + 5 = h + 4*z, h - z = 17. Let q = h - 12. Suppose -5*x + 19 + 151 = -4*w, 4*w + 68 = q*x. What is the units digit of x?
4
Suppose -3*c - 2*v + 241 = 0, -5*c + 694 = -3*v + 286. Let r = c + -76. What is the units digit of r?
5
Let b(t) = t**2 + 16*t + 31. Let g be 